{"id":135,"date":"2013-05-29T23:10:19","date_gmt":"2013-05-29T21:10:19","guid":{"rendered":"http:\/\/neu.beautylicious-nails-and-more.de\/?page_id=135"},"modified":"2013-05-29T23:12:03","modified_gmt":"2013-05-29T21:12:03","slug":"agb","status":"publish","type":"page","link":"https:\/\/www.beautylicious-nails-and-more.de\/?page_id=135","title":{"rendered":"AGB"},"content":{"rendered":"<div>\n<h2 style=\"text-align: center;\"><span style=\"color: #ff99cc;\">AGB<\/span><\/h2>\n<p>&nbsp;<\/p>\n<p><span style=\"font-size: medium;\"><strong>1. Dienstleistung<\/strong><\/span><\/p>\n<p><span style=\"font-size: medium;\">Der Dienstleister f\u00fchrt seine Dienstleistungen nach bestem Wissen und Gewissen und nach dem neuesten Standard der Industrie am Kunden aus. Sollten \u00c4nderungen der Standards auftreten, wird der Dienstleister dem Kunden noch vor Beginn der Leistung davon in Kenntnis setzen.<\/span><\/p>\n<p><span style=\"font-size: medium;\">\u00a0<\/span><\/p>\n<p><span style=\"font-size: medium;\"><strong>2. Terminvereinbarung<\/strong><\/span><\/p>\n<p><span style=\"font-size: medium;\">Bei Terminabsagen bitte wenn m\u00f6glich, 24 stunden vorher, da sonst unn\u00f6tige<\/span><\/p>\n<p><span style=\"font-size: medium;\">Kosten entstehen.<\/span><\/p>\n<p><span style=\"font-size: medium;\">\u00a0<\/span><\/p>\n<p><span style=\"font-size: medium;\"><strong>3. Preise<\/strong><\/span><\/p>\n<p><span style=\"font-size: medium;\">Die Preise f\u00fcr Dienstleistungen und Produkte sind im Studio zu ver\u00f6ffentlichen. Da es sich bei dem Nagelstudio um ein Kleinunternehmen handelt wird bei den ver\u00f6ffentlichten Preisen auf den Ausweis der MwSt. gem\u00e4\u00df \u00a719 Abs. 1 UStG verzichtet. Preiserh\u00f6hungen m\u00fcssen mindestens 30 Tage bevor sie in kraft treten bekannt gegeben werden. Angebote sind nur in dem ver\u00f6ffentlichen Zeitraum g\u00fcltig und gelten solange der Vorrat reicht. Der Kunde muss direkt am Anschluss der Behandlung f\u00fcr den Service, bzw. direkt beim Kauf eines Produktes bezahlen. Eine Teilzahlungsvereinbarung ist in Einzelf\u00e4llen nach Absprache m\u00f6glich.<\/span><\/p>\n<p><span style=\"font-size: medium;\">\u00a0<\/span><\/p>\n<p><span style=\"font-size: medium;\"><strong>4. Pers\u00f6nliche Daten und Privatsph\u00e4re<\/strong><\/span><\/p>\n<p><span style=\"font-size: medium;\">Der Kunde versichert alle pers\u00f6nlichen Daten und Informationen, die f\u00fcr die professionelle Behandlung der geforderten Dienstleistung relevant sind, an das Studio und\/oder den Dienstleister weiterzugeben. Diese Daten werden auf der Kundenkarteikarte in schriftlicher oder elektronischer Form gespeichert. Das Studio, bzw. der Dienstleister verpflichtet sich, diese Daten nur f\u00fcr den Zweck der zu erbringenden Dienstleistung unter Ber\u00fccksichtigung der Datenschutzklauseln einzusetzen und die Daten nicht an Dritte oder Au\u00dfenstehende weiterzugeben ohne schriftliche Einwilligung des Kunden.<\/span><\/p>\n<p><span style=\"font-size: medium;\">\u00a0<\/span><\/p>\n<p><span style=\"font-size: medium;\"><strong>5. Ansteckende Krankheiten \/ Infektionen<\/strong><\/span><\/p>\n<p><span style=\"font-size: medium;\">Der Kunde ist verpflichtet den Dienstleister \u00fcber ansteckende Krankheiten oder Infektionen ( wie z.B. HIV, Hepatitis o.\u00e4. ) sofort nach bekannt werden zu informieren, bzw. bei Nachfrage wahrheitsgem\u00e4\u00df zu antworten. Gleichzeitig versichert der Dienstleister \u00fcber bekanntgewordene Krankheiten oder Infektionen Stillschweigen zu bewahren. Weiter beh\u00e4lt sich der Dienstleister vor, eine Behandlung abzulehnen, wenn den Dienstleister oder andere Personen durch Ausf\u00fchrung einer Behandlung eine Gefahr<\/span><\/p>\n<p><span style=\"font-size: medium;\">( Infektion o.\u00e4. ) zu erwarten haben.<\/span><\/p>\n<p><span style=\"font-size: medium;\">\u00a0<\/span><\/p>\n<p><span style=\"font-size: medium;\"><strong>6. Vertraulichkeit<\/strong><\/span><\/p>\n<p><span style=\"font-size: medium;\">Das Nagelstudio, eventuelle Angestellte und die Gesch\u00e4ftsleitung sind verpflichtet, alle Informationen, die w\u00e4hrend der Behandlung oder dem Service besprochen wurden, geheim zu halten und vertraulich zu behandeln. Informationen werden als vertraulich eingestuft, wenn der Kunde dies zum Ausdruck bringt, bzw. wenn dies aus dem Inhalt der Informationen zu folgern ist. Die Vertraulichkeit wird au\u00dfer Kraft gesetzt, wenn dies von Rechtswegen entschieden wird und das Nagelstudio von der Vertraulichkeitsklausel entbunden wird.<\/span><\/p>\n<p><span style=\"font-size: medium;\">\u00a0<\/span><\/p>\n<p><span style=\"font-size: medium;\"><strong>7. Haftung<\/strong><\/span><\/p>\n<p><span style=\"font-size: medium;\">Das Nagelstudio, eventuelle Angestellte und die Gesch\u00e4ftsleitung k\u00f6nnen keine Haftung \u00fcbernehmen, wenn der Kunde durch eine Dienstleistung zu Schaden kommt, die auf Angaben vom Kunden beruht und sich diese als unzureichend herausstellen. Dies bezieht sich vor allen Dingen, aber nicht ausschlie\u00dflich, auf physische Bedingungen, medizinische oder medikament\u00f6se Voraussetzungen oder Aktivit\u00e4ten au\u00dferhalb des Studios. Das Nagelstudio ist nicht verantwortlich f\u00fcr den Verlust oder die Zerst\u00f6rung pers\u00f6nlicher Gegenst\u00e4nden des Kunden die von ihm\/ihr mit in das Studio gebracht wurden.<\/span><\/p>\n<p><span style=\"font-size: medium;\">\u00a0<\/span><\/p>\n<p><span style=\"font-size: medium;\"><strong>8. Besch\u00e4digung und Diebstahl<\/strong><\/span><\/p>\n<p><span style=\"font-size: medium;\">Das Nagelstudio hat das Recht f\u00fcr alle vom Kunden verursachten Sch\u00e4den eine Wiedergutmachung zu fordern. Ladendiebst\u00e4hle werden zur Anzeige gebracht.<\/span><\/p>\n<p><span style=\"font-size: medium;\">\u00a0<\/span><\/p>\n<p><span style=\"font-size: medium;\"><strong>9. Beschwerden und Reklamationen<\/strong><\/span><\/p>\n<p><span style=\"font-size: medium;\">Sollte der Kunde eine Beschwerde oder eine Reklamation \u00fcber den Service bzw. \u00fcber ein gekauftes Produkt haben, so muss dies schnellstm\u00f6glich, sp\u00e4testens aber<\/span><\/p>\n<p><span style=\"font-size: medium;\">1 Arbeitswoche ( entspricht 5 Arbeitstagen) nach Registrierung eines Reklamationsgrundes der Gesch\u00e4ftsleitung, bzw. dem Naildesigner mitgeteilt werden. Das Studio muss innerhalb der darauf folgenden 2 Arbeitswochen eine akzeptable L\u00f6sung unterbreiten, um die Reklamation auszur\u00e4umen. Ist eine Reklamation berechtigt, muss das Nagelstudio die reklamierte Arbeit ohne zus\u00e4tzliche Zahlung erneut leisten, bzw. das reklamierte Produkt ersetzen. Sollte die Reklamation nicht zur Zufriedenheit des Kunden bereinigt werden, kann dies auch von einer Schiedsstelle oder Gericht entschieden werden.<\/span><\/p>\n<p><span style=\"font-size: medium;\">\u00a0<\/span><\/p>\n<p><span style=\"font-size: medium;\"><strong>10. Nail Art<\/strong><\/span><\/p>\n<p><span style=\"font-size: medium;\">Wenn ein Nagelstudio oder der Naildesigner Nail-Art Beispiele im Studio ver\u00f6ffentlicht, dient dies nur als Beispiel. Selbst wenn das Design am Kunden nachgearbeitet wird, kann es zu Abweichungen bez\u00fcglich des Designs, der Form und der Wirkung des Designs kommen. Das Resultat kann von der gezeigten Vorlage abweichen. Das Urheberrecht f\u00fcr das Design verbleibt beim Studio, bzw. beim Naildesigner. Sollte der Kunde vom erstellten Design Photographien anfertigen lassen, die f\u00fcr kommerzielle Zwecke verwendet werden sollten, bedarf dies der schriftlichen Einverst\u00e4ndniserkl\u00e4rung durch das Studio, bzw. den Naildesigner. Bei Unterlassen kann das Studio angemessene Anspr\u00fcche geltend machen.<\/span><\/p>\n<p><span style=\"font-size: medium;\">\u00a0<\/span><\/p>\n<p><span style=\"font-size: medium;\"><strong>11. Verhaltensweisen<\/strong><\/span><\/p>\n<p><span style=\"font-size: medium;\">Der Kunde verpflichtet sich w\u00e4hrend seines Besuchs im Studio eine angemessene Verhaltensweise an den Tag zu legen. Sollte der Kunde selbst nach einer Verwarnung weiterhin nicht angemessen verhalten, hat die Gesch\u00e4ftsleitung das Recht, den Kunden aus dem Studio zu verweisen und gegebenenfalls ein Hausverbot auszusprechen.<\/span><\/p>\n<p><span style=\"font-size: medium;\">\u00a0<\/span><\/p>\n<p><span style=\"font-size: medium;\"><strong>12. Gerichtsstand<\/strong><\/span><\/p>\n<p><span style=\"font-size: medium;\">F\u00fcr die gerichtliche Kl\u00e4rung von Unstimmigkeiten ist der Gerichtsstand der Ort des Nagelstudios. Geltendes Recht ist Ortsans\u00e4ssigkeit zu bestimmen.<\/span><\/p>\n<\/div>\n","protected":false},"excerpt":{"rendered":"<p>AGB &nbsp; 1. Dienstleistung Der Dienstleister f\u00fchrt seine Dienstleistungen nach bestem Wissen und Gewissen und nach dem neuesten Standard der Industrie am Kunden aus. Sollten \u00c4nderungen der Standards auftreten, wird der Dienstleister dem Kunden noch vor Beginn der Leistung davon in Kenntnis setzen. \u00a0 2. Terminvereinbarung Bei Terminabsagen bitte wenn m\u00f6glich, 24 stunden vorher, da [&hellip;]<\/p>\n","protected":false},"author":1,"featured_media":0,"parent":0,"menu_order":0,"comment_status":"open","ping_status":"open","template":"","meta":{"ngg_post_thumbnail":0,"footnotes":""},"_links":{"self":[{"href":"https:\/\/www.beautylicious-nails-and-more.de\/index.php?rest_route=\/wp\/v2\/pages\/135"}],"collection":[{"href":"https:\/\/www.beautylicious-nails-and-more.de\/index.php?rest_route=\/wp\/v2\/pages"}],"about":[{"href":"https:\/\/www.beautylicious-nails-and-more.de\/index.php?rest_route=\/wp\/v2\/types\/page"}],"author":[{"embeddable":true,"href":"https:\/\/www.beautylicious-nails-and-more.de\/index.php?rest_route=\/wp\/v2\/users\/1"}],"replies":[{"embeddable":true,"href":"https:\/\/www.beautylicious-nails-and-more.de\/index.php?rest_route=%2Fwp%2Fv2%2Fcomments&post=135"}],"version-history":[{"count":3,"href":"https:\/\/www.beautylicious-nails-and-more.de\/index.php?rest_route=\/wp\/v2\/pages\/135\/revisions"}],"predecessor-version":[{"id":139,"href":"https:\/\/www.beautylicious-nails-and-more.de\/index.php?rest_route=\/wp\/v2\/pages\/135\/revisions\/139"}],"wp:attachment":[{"href":"https:\/\/www.beautylicious-nails-and-more.de\/index.php?rest_route=%2Fwp%2Fv2%2Fmedia&parent=135"}],"curies":[{"name":"wp","href":"https:\/\/api.w.org\/{rel}","templated":true}]}}